{"id":101,"date":"2013-03-18T22:33:17","date_gmt":"2013-03-18T21:33:17","guid":{"rendered":"https:\/\/www.basescoutmelara.org\/?page_id=101"},"modified":"2015-06-18T14:00:05","modified_gmt":"2015-06-18T12:00:05","slug":"il-motto-della-base-assieme-e-possibile","status":"publish","type":"page","link":"https:\/\/www.basescoutmelara.org\/it\/la-base\/il-motto-della-base-assieme-e-possibile\/","title":{"rendered":"Il motto della Base Scout"},"content":{"rendered":"<p style=\"text-align: justify;\"><strong>Assieme \u00e8 possile!<\/strong><\/p>\n<p style=\"text-align: justify;\"><a href=\"\/wp-content\/uploads\/2013\/03\/motto-base-scout-melara.jpg\"><img loading=\"lazy\" decoding=\"async\" class=\"size-medium wp-image-106 alignright\" style=\"border: 0px none; margin-right: 10px; margin-left: 10px;\" alt=\"motto-base-scout-melara\" src=\"\/wp-content\/uploads\/2013\/03\/motto-base-scout-melara-300x183.jpg\" width=\"300\" height=\"183\" srcset=\"https:\/\/www.basescoutmelara.org\/wp-content\/uploads\/2013\/03\/motto-base-scout-melara-300x183.jpg 300w, https:\/\/www.basescoutmelara.org\/wp-content\/uploads\/2013\/03\/motto-base-scout-melara-624x381.jpg 624w, https:\/\/www.basescoutmelara.org\/wp-content\/uploads\/2013\/03\/motto-base-scout-melara.jpg 648w\" sizes=\"auto, (max-width: 300px) 100vw, 300px\" \/><\/a>L\u2019ape \u00e8 l\u2019insetto da cui ha origine il nome di Melara (ara mellis = altare del miele), \u00e8 laboriosa, vive in comunit\u00e0, all\u2019aria aperta, esplora e conosce il proprio territorio, \u00e8 in grado di eseguire un ottimo \u201ctrapasso nozioni\u201d, comunicando alle compagne precise informazioni sull\u2019esatta ubicazione di una sorgente di cibo\u2026<\/p>\n<p>L\u2019ape descrive bene la storia della nostra base: da un sogno talmente grande da sembrare irrealizzabile, siamo passati ad un\u2019idea forte, e poi gradualmente ad un vero e proprio progetto, che con coraggio, entusiasmo, perseveranza, \u201cpuntando in alto\u201d con un bel gioco di squadra, \u00e8 diventato realt\u00e0!<\/p>\n<p><em>\u201cChiunque sia animato dal giusto spirito pu\u00f2 cancellare dalla parola <strong>impossibile<\/strong> le<\/em> <em>prime due lettere\u201d, scrive Baden Powell.<\/em><\/p>\n<p><strong>S\u00ec, assieme \u00e8 possibile!<\/strong><\/p>\n<p>Questo \u00e8 il messaggio che desideriamo lanciare ai ragazzi che abiteranno la base Santo Stefano: abbiate il coraggio di osare, di \u201cpensare in grande\u201d, perch\u00e9 quando portiamo nel cuore un sogno talmente forte da sembrare impossibile, e c\u2019\u00e8 la volont\u00e0, il desiderio, la capacit\u00e0 di fare squadra per mettersi in cammino, valorizzare il contributo di ciascuno, costruire un progetto e realizzarlo, allora anche ci\u00f2 che sembra impossibile diventa possibile!<\/p>\n","protected":false},"excerpt":{"rendered":"<p>Assieme \u00e8 possile! L\u2019ape \u00e8 l\u2019insetto da cui ha origine il nome di Melara (ara mellis = altare del miele), \u00e8 laboriosa, vive in comunit\u00e0, all\u2019aria aperta, esplora e conosce il proprio territorio, \u00e8 in grado di eseguire un ottimo \u201ctrapasso nozioni\u201d, comunicando alle compagne precise informazioni sull\u2019esatta ubicazione di una sorgente di cibo\u2026 L\u2019ape [&hellip;]<\/p>\n","protected":false},"author":1,"featured_media":0,"parent":20,"menu_order":0,"comment_status":"closed","ping_status":"closed","template":"","meta":{"ngg_post_thumbnail":0,"footnotes":""},"class_list":["post-101","page","type-page","status-publish","hentry"],"yoast_head":"<!-- This site is optimized with the Yoast SEO plugin v28.3 - https:\/\/yoast.com\/product\/yoast-seo-wordpress\/ -->\n<title>Il motto della Base Scout - Base Scout Regionale Santo Stefano<\/title>\n<meta name=\"robots\" content=\"index, follow, max-snippet:-1, max-image-preview:large, max-video-preview:-1\" \/>\n<link rel=\"canonical\" href=\"https:\/\/www.basescoutmelara.org\/it\/la-base\/il-motto-della-base-assieme-e-possibile\/\" \/>\n<meta property=\"og:locale\" content=\"it_IT\" \/>\n<meta property=\"og:type\" content=\"article\" \/>\n<meta property=\"og:title\" content=\"Il motto della Base Scout - Base Scout Regionale Santo Stefano\" \/>\n<meta property=\"og:description\" content=\"Assieme \u00e8 possile! L\u2019ape \u00e8 l\u2019insetto da cui ha origine il nome di Melara (ara mellis = altare del miele), \u00e8 laboriosa, vive in comunit\u00e0, all\u2019aria aperta, esplora e conosce il proprio territorio, \u00e8 in grado di eseguire un ottimo \u201ctrapasso nozioni\u201d, comunicando alle compagne precise informazioni sull\u2019esatta ubicazione di una sorgente di cibo\u2026 L\u2019ape [&hellip;]\" \/>\n<meta property=\"og:url\" content=\"https:\/\/www.basescoutmelara.org\/it\/la-base\/il-motto-della-base-assieme-e-possibile\/\" \/>\n<meta property=\"og:site_name\" content=\"Base Scout Regionale Santo Stefano\" \/>\n<meta property=\"article:modified_time\" content=\"2015-06-18T12:00:05+00:00\" \/>\n<meta property=\"og:image\" content=\"https:\/\/www.basescoutmelara.org\/wp-content\/uploads\/2013\/03\/motto-base-scout-melara.jpg\" \/>\n\t<meta property=\"og:image:width\" content=\"648\" \/>\n\t<meta property=\"og:image:height\" content=\"396\" \/>\n\t<meta property=\"og:image:type\" content=\"image\/jpeg\" \/>\n<meta name=\"twitter:card\" content=\"summary_large_image\" \/>\n<meta name=\"twitter:label1\" content=\"Tempo di lettura stimato\" \/>\n\t<meta name=\"twitter:data1\" content=\"1 minuto\" \/>\n<script type=\"application\/ld+json\" class=\"yoast-schema-graph\">{\"@context\":\"https:\\\/\\\/schema.org\",\"@graph\":[{\"@type\":\"WebPage\",\"@id\":\"https:\\\/\\\/www.basescoutmelara.org\\\/it\\\/la-base\\\/il-motto-della-base-assieme-e-possibile\\\/\",\"url\":\"https:\\\/\\\/www.basescoutmelara.org\\\/it\\\/la-base\\\/il-motto-della-base-assieme-e-possibile\\\/\",\"name\":\"Il motto della Base Scout - Base Scout Regionale Santo Stefano\",\"isPartOf\":{\"@id\":\"https:\\\/\\\/www.basescoutmelara.org\\\/it\\\/#website\"},\"datePublished\":\"2013-03-18T21:33:17+00:00\",\"dateModified\":\"2015-06-18T12:00:05+00:00\",\"breadcrumb\":{\"@id\":\"https:\\\/\\\/www.basescoutmelara.org\\\/it\\\/la-base\\\/il-motto-della-base-assieme-e-possibile\\\/#breadcrumb\"},\"inLanguage\":\"it-IT\",\"potentialAction\":[{\"@type\":\"ReadAction\",\"target\":[\"https:\\\/\\\/www.basescoutmelara.org\\\/it\\\/la-base\\\/il-motto-della-base-assieme-e-possibile\\\/\"]}]},{\"@type\":\"BreadcrumbList\",\"@id\":\"https:\\\/\\\/www.basescoutmelara.org\\\/it\\\/la-base\\\/il-motto-della-base-assieme-e-possibile\\\/#breadcrumb\",\"itemListElement\":[{\"@type\":\"ListItem\",\"position\":1,\"name\":\"Home\",\"item\":\"https:\\\/\\\/www.basescoutmelara.org\\\/it\\\/\"},{\"@type\":\"ListItem\",\"position\":2,\"name\":\"La Base Scout\",\"item\":\"https:\\\/\\\/www.basescoutmelara.org\\\/it\\\/la-base\\\/\"},{\"@type\":\"ListItem\",\"position\":3,\"name\":\"Il motto della Base Scout\"}]},{\"@type\":\"WebSite\",\"@id\":\"https:\\\/\\\/www.basescoutmelara.org\\\/it\\\/#website\",\"url\":\"https:\\\/\\\/www.basescoutmelara.org\\\/it\\\/\",\"name\":\"Base Scout Regionale Santo Stefano\",\"description\":\"Gruppo Vicariale Melara 1\",\"potentialAction\":[{\"@type\":\"SearchAction\",\"target\":{\"@type\":\"EntryPoint\",\"urlTemplate\":\"https:\\\/\\\/www.basescoutmelara.org\\\/it\\\/?s={search_term_string}\"},\"query-input\":{\"@type\":\"PropertyValueSpecification\",\"valueRequired\":true,\"valueName\":\"search_term_string\"}}],\"inLanguage\":\"it-IT\"}]}<\/script>\n<!-- \/ Yoast SEO plugin. -->","yoast_head_json":{"title":"Il motto della Base Scout - Base Scout Regionale Santo Stefano","robots":{"index":"index","follow":"follow","max-snippet":"max-snippet:-1","max-image-preview":"max-image-preview:large","max-video-preview":"max-video-preview:-1"},"canonical":"https:\/\/www.basescoutmelara.org\/it\/la-base\/il-motto-della-base-assieme-e-possibile\/","og_locale":"it_IT","og_type":"article","og_title":"Il motto della Base Scout - Base Scout Regionale Santo Stefano","og_description":"Assieme \u00e8 possile! L\u2019ape \u00e8 l\u2019insetto da cui ha origine il nome di Melara (ara mellis = altare del miele), \u00e8 laboriosa, vive in comunit\u00e0, all\u2019aria aperta, esplora e conosce il proprio territorio, \u00e8 in grado di eseguire un ottimo \u201ctrapasso nozioni\u201d, comunicando alle compagne precise informazioni sull\u2019esatta ubicazione di una sorgente di cibo\u2026 L\u2019ape [&hellip;]","og_url":"https:\/\/www.basescoutmelara.org\/it\/la-base\/il-motto-della-base-assieme-e-possibile\/","og_site_name":"Base Scout Regionale Santo Stefano","article_modified_time":"2015-06-18T12:00:05+00:00","og_image":[{"width":648,"height":396,"url":"https:\/\/www.basescoutmelara.org\/wp-content\/uploads\/2013\/03\/motto-base-scout-melara.jpg","type":"image\/jpeg"}],"twitter_card":"summary_large_image","twitter_misc":{"Tempo di lettura stimato":"1 minuto"},"schema":{"@context":"https:\/\/schema.org","@graph":[{"@type":"WebPage","@id":"https:\/\/www.basescoutmelara.org\/it\/la-base\/il-motto-della-base-assieme-e-possibile\/","url":"https:\/\/www.basescoutmelara.org\/it\/la-base\/il-motto-della-base-assieme-e-possibile\/","name":"Il motto della Base Scout - Base Scout Regionale Santo Stefano","isPartOf":{"@id":"https:\/\/www.basescoutmelara.org\/it\/#website"},"datePublished":"2013-03-18T21:33:17+00:00","dateModified":"2015-06-18T12:00:05+00:00","breadcrumb":{"@id":"https:\/\/www.basescoutmelara.org\/it\/la-base\/il-motto-della-base-assieme-e-possibile\/#breadcrumb"},"inLanguage":"it-IT","potentialAction":[{"@type":"ReadAction","target":["https:\/\/www.basescoutmelara.org\/it\/la-base\/il-motto-della-base-assieme-e-possibile\/"]}]},{"@type":"BreadcrumbList","@id":"https:\/\/www.basescoutmelara.org\/it\/la-base\/il-motto-della-base-assieme-e-possibile\/#breadcrumb","itemListElement":[{"@type":"ListItem","position":1,"name":"Home","item":"https:\/\/www.basescoutmelara.org\/it\/"},{"@type":"ListItem","position":2,"name":"La Base Scout","item":"https:\/\/www.basescoutmelara.org\/it\/la-base\/"},{"@type":"ListItem","position":3,"name":"Il motto della Base Scout"}]},{"@type":"WebSite","@id":"https:\/\/www.basescoutmelara.org\/it\/#website","url":"https:\/\/www.basescoutmelara.org\/it\/","name":"Base Scout Regionale Santo Stefano","description":"Gruppo Vicariale Melara 1","potentialAction":[{"@type":"SearchAction","target":{"@type":"EntryPoint","urlTemplate":"https:\/\/www.basescoutmelara.org\/it\/?s={search_term_string}"},"query-input":{"@type":"PropertyValueSpecification","valueRequired":true,"valueName":"search_term_string"}}],"inLanguage":"it-IT"}]}},"_links":{"self":[{"href":"https:\/\/www.basescoutmelara.org\/it\/wp-json\/wp\/v2\/pages\/101","targetHints":{"allow":["GET"]}}],"collection":[{"href":"https:\/\/www.basescoutmelara.org\/it\/wp-json\/wp\/v2\/pages"}],"about":[{"href":"https:\/\/www.basescoutmelara.org\/it\/wp-json\/wp\/v2\/types\/page"}],"author":[{"embeddable":true,"href":"https:\/\/www.basescoutmelara.org\/it\/wp-json\/wp\/v2\/users\/1"}],"replies":[{"embeddable":true,"href":"https:\/\/www.basescoutmelara.org\/it\/wp-json\/wp\/v2\/comments?post=101"}],"version-history":[{"count":7,"href":"https:\/\/www.basescoutmelara.org\/it\/wp-json\/wp\/v2\/pages\/101\/revisions"}],"predecessor-version":[{"id":647,"href":"https:\/\/www.basescoutmelara.org\/it\/wp-json\/wp\/v2\/pages\/101\/revisions\/647"}],"up":[{"embeddable":true,"href":"https:\/\/www.basescoutmelara.org\/it\/wp-json\/wp\/v2\/pages\/20"}],"wp:attachment":[{"href":"https:\/\/www.basescoutmelara.org\/it\/wp-json\/wp\/v2\/media?parent=101"}],"curies":[{"name":"wp","href":"https:\/\/api.w.org\/{rel}","templated":true}]}}

<p style="text-align: justify;"><strong>Assieme è possile!</strong></p>
<p style="text-align: justify;"><a href="/wp-content/uploads/2013/03/motto-base-scout-melara.jpg"><img loading="lazy" decoding="async" class="size-medium wp-image-106 alignright" style="border: 0px none; margin-right: 10px; margin-left: 10px;" alt="motto-base-scout-melara" src="/wp-content/uploads/2013/03/motto-base-scout-melara-300x183.jpg" width="300" height="183" srcset="https://www.basescoutmelara.org/wp-content/uploads/2013/03/motto-base-scout-melara-300x183.jpg 300w, https://www.basescoutmelara.org/wp-content/uploads/2013/03/motto-base-scout-melara-624x381.jpg 624w, https://www.basescoutmelara.org/wp-content/uploads/2013/03/motto-base-scout-melara.jpg 648w" sizes="auto, (max-width: 300px) 100vw, 300px" /></a>L’ape è l’insetto da cui ha origine il nome di Melara (ara mellis = altare del miele), è laboriosa, vive in comunità, all’aria aperta, esplora e conosce il proprio territorio, è in grado di eseguire un ottimo “trapasso nozioni”, comunicando alle compagne precise informazioni sull’esatta ubicazione di una sorgente di cibo…</p>
<p>L’ape descrive bene la storia della nostra base: da un sogno talmente grande da sembrare irrealizzabile, siamo passati ad un’idea forte, e poi gradualmente ad un vero e proprio progetto, che con coraggio, entusiasmo, perseveranza, “puntando in alto” con un bel gioco di squadra, è diventato realtà!</p>
<p><em>“Chiunque sia animato dal giusto spirito può cancellare dalla parola <strong>impossibile</strong> le</em> <em>prime due lettere”, scrive Baden Powell.</em></p>
<p><strong>Sì, assieme è possibile!</strong></p>
<p>Questo è il messaggio che desideriamo lanciare ai ragazzi che abiteranno la base Santo Stefano: abbiate il coraggio di osare, di “pensare in grande”, perché quando portiamo nel cuore un sogno talmente forte da sembrare impossibile, e c’è la volontà, il desiderio, la capacità di fare squadra per mettersi in cammino, valorizzare il contributo di ciascuno, costruire un progetto e realizzarlo, allora anche ciò che sembra impossibile diventa possibile!</p>

<p>Assieme è possile! L’ape è l’insetto da cui ha origine il nome di Melara (ara mellis = altare del miele), è laboriosa, vive in comunità, all’aria aperta, esplora e conosce il proprio territorio, è in grado di eseguire un ottimo “trapasso nozioni”, comunicando alle compagne precise informazioni sull’esatta ubicazione di una sorgente di cibo… L’ape [&hellip;]</p>

<!-- This site is optimized with the Yoast SEO plugin v28.3 - https://yoast.com/product/yoast-seo-wordpress/ -->
<title>Il motto della Base Scout - Base Scout Regionale Santo Stefano</title>
<meta name="robots" content="index, follow, max-snippet:-1, max-image-preview:large, max-video-preview:-1" />
<link rel="canonical" href="https://www.basescoutmelara.org/it/la-base/il-motto-della-base-assieme-e-possibile/" />
<meta property="og:locale" content="it_IT" />
<meta property="og:type" content="article" />
<meta property="og:title" content="Il motto della Base Scout - Base Scout Regionale Santo Stefano" />
<meta property="og:description" content="Assieme è possile! L’ape è l’insetto da cui ha origine il nome di Melara (ara mellis = altare del miele), è laboriosa, vive in comunità, all’aria aperta, esplora e conosce il proprio territorio, è in grado di eseguire un ottimo “trapasso nozioni”, comunicando alle compagne precise informazioni sull’esatta ubicazione di una sorgente di cibo… L’ape [&hellip;]" />
<meta property="og:url" content="https://www.basescoutmelara.org/it/la-base/il-motto-della-base-assieme-e-possibile/" />
<meta property="og:site_name" content="Base Scout Regionale Santo Stefano" />
<meta property="article:modified_time" content="2015-06-18T12:00:05+00:00" />
<meta property="og:image" content="https://www.basescoutmelara.org/wp-content/uploads/2013/03/motto-base-scout-melara.jpg" />
	<meta property="og:image:width" content="648" />
	<meta property="og:image:height" content="396" />
	<meta property="og:image:type" content="image/jpeg" />
<meta name="twitter:card" content="summary_large_image" />
<meta name="twitter:label1" content="Tempo di lettura stimato" />
	<meta name="twitter:data1" content="1 minuto" />
<script type="application/ld+json" class="yoast-schema-graph">{"@context":"https:\/\/schema.org","@graph":[{"@type":"WebPage","@id":"https:\/\/www.basescoutmelara.org\/it\/la-base\/il-motto-della-base-assieme-e-possibile\/","url":"https:\/\/www.basescoutmelara.org\/it\/la-base\/il-motto-della-base-assieme-e-possibile\/","name":"Il motto della Base Scout - Base Scout Regionale Santo Stefano","isPartOf":{"@id":"https:\/\/www.basescoutmelara.org\/it\/#website"},"datePublished":"2013-03-18T21:33:17+00:00","dateModified":"2015-06-18T12:00:05+00:00","breadcrumb":{"@id":"https:\/\/www.basescoutmelara.org\/it\/la-base\/il-motto-della-base-assieme-e-possibile\/#breadcrumb"},"inLanguage":"it-IT","potentialAction":[{"@type":"ReadAction","target":["https:\/\/www.basescoutmelara.org\/it\/la-base\/il-motto-della-base-assieme-e-possibile\/"]}]},{"@type":"BreadcrumbList","@id":"https:\/\/www.basescoutmelara.org\/it\/la-base\/il-motto-della-base-assieme-e-possibile\/#breadcrumb","itemListElement":[{"@type":"ListItem","position":1,"name":"Home","item":"https:\/\/www.basescoutmelara.org\/it\/"},{"@type":"ListItem","position":2,"name":"La Base Scout","item":"https:\/\/www.basescoutmelara.org\/it\/la-base\/"},{"@type":"ListItem","position":3,"name":"Il motto della Base Scout"}]},{"@type":"WebSite","@id":"https:\/\/www.basescoutmelara.org\/it\/#website","url":"https:\/\/www.basescoutmelara.org\/it\/","name":"Base Scout Regionale Santo Stefano","description":"Gruppo Vicariale Melara 1","potentialAction":[{"@type":"SearchAction","target":{"@type":"EntryPoint","urlTemplate":"https:\/\/www.basescoutmelara.org\/it\/?s={search_term_string}"},"query-input":{"@type":"PropertyValueSpecification","valueRequired":true,"valueName":"search_term_string"}}],"inLanguage":"it-IT"}]}</script>
<!-- / Yoast SEO plugin. -->

Assieme è possile! L’ape è l’insetto da cui ha origine il nome di Melara (ara mellis = altare del miele), è laboriosa, vive in comunità, all’aria aperta, esplora e conosce il proprio territorio, è in grado di eseguire un ottimo “trapasso nozioni”, comunicando alle compagne precise informazioni sull’esatta ubicazione di una sorgente di cibo… L’ape [&hellip;]
